697
What is the remainder when 109813 is divided by 504?
445
Calculate the remainder when 225008 is divided by 745.
18
What is the remainder when 688388 is divided by 163?
39
What is the remainder when 605834 is divided by 75707?
178
What is the remainder when 129516 is divided by 24?
12
What is the remainder when 24203 is divided by 5633?
1671
Calculate the remainder when 177046 is divided by 177044.
2
Calculate the remainder when 122694 is divided by 117682.
5012
Calculate the remainder when 643244 is divided by 643026.
218
What is the remainder when 23805806 is divided by 73?
68
Calculate the remainder when 42957213 is divided by 10739297.
25
What is the remainder when 141161556 is divided by 292?
288
What is the remainder when 543658 is divided by 648?
634
What is the remainder when 27085758 is divided by 1293?
1287
What is the remainder when 90109 is divided by 22514?
53
What is the remainder when 232699 is divided by 374?
71
Calculate the remainder when 8015705 is divided by 296876.
53
Calculate the remainder when 15407 is divided by 11355.
4052
Calculate the remainder when 1047380 is divided by 523684.
12
What is the remainder when 3851252 is divided by 5402?
5028
Calculate the remainder when 62318741 is divided by 20772902.
35
Calculate the remainder when 1561495 is divided by 20.
15
What is the remainder when 284309 is divided by 142133?
43
What is the remainder when 93721955 is divided by 24?
11
What is the remainder when 11125979 is divided by 2179?
5
What is the remainder when 663394 is divided by 347?
277
Calculate the remainder when 20189 is divided by 3526.
2559
What is the remainder when 2204159 is divided by 305?
229
Calculate the remainder when 19105865 is divided by 329411.
27
What is the remainder when 825155096 is divided by 100?
96
What is the remainder when 1967239 is divided by 193?
183
What is the remainder when 70186146 is divided by 1683?
1680
What is the remainder when 6069820 is divided by 4959?
4
What is the remainder when 62365 is divided by 92?
81
What is the remainder when 882751 is divided by 748?
111
Calculate the remainder when 2499464 is divided by 608.
584
What is the remainder when 783549 is divided by 6074?
3
Calculate the remainder when 1353809 is divided by 46.
29
What is the remainder when 2758598 is divided by 673?
644
Calculate the remainder when 26082250 is divided by 166.
164
What is the remainder when 461667 is divided by 153756?
399
What is the remainder when 611906 is divided by 6370?
386
Calculate the remainder when 409559 is divided by 1870.
29
Calculate the remainder when 4004 is divided by 319.
176
Calculate the remainder when 449405726 is divided by 969.
968
Calculate the remainder when 19445880 is divided by 9722897.
86
What is the remainder when 7296543 is divided by 78?
33
Calculate the remainder when 705790 is divided by 786.
748
Calculate the remainder when 1133557333 is divided by 81.
79
What is the remainder when 2074792 is divided by 127?
120
Calculate the remainder when 52169 is divided by 2144.
713
What is the remainder when 43847 is divided by 8754?
77
What is the remainder when 78451589 is divided by 35?
34
What is the remainder when 1710490 is divided by 767?
80
Calculate the remainder when 13813056 is divided by 197.
7
Calculate the remainder when 181911162 is divided by 9095558.
2
What is the remainder when 1149465 is divided by 17684?
5
Calculate the remainder when 112504445 is divided by 1176.
53
What is the remainder when 2069457 is divided by 167?
160
Calculate the remainder when 847186 is divided by 93994.
1240
Calculate the remainder when 406552 is divided by 20326.
32
What is the remainder when 26530 is divided by 3750?
280
What is the remainder when 3638619 is divided by 1109?
1099
Calculate the remainder when 89885983 is divided by 249.
220
Calculate the remainder when 559299 is divided by 208.
195
What is the remainder when 17229 is divided by 3222?
1119
What is the remainder when 529406 is divided by 86207?
12164
What is the remainder when 51884403 is divided by 4241?
9
What is the remainder when 5259 is divided by 1695?
174
Calculate the remainder when 12129227 is divided by 728.
19
What is the remainder when 135053 is divided by 1391?
126
Calculate the remainder when 8139283 is divided by 556.
555
What is the remainder when 7669976 is divided by 2244?
2228
What is the remainder when 504308 is divided by 17313?
2231
What is the remainder when 85021 is divided by 1551?
1267
What is the remainder when 37910 is divided by 2486?
620
What is the remainder when 7946 is divided by 881?
17
Calculate the remainder when 56522 is divided by 308.
158
What is the remainder when 758821605 is divided by 13?
9
Calculate the remainder when 544490 is divided by 77782.
16
What is the remainder when 296484 is divided by 98826?
6
Calculate the remainder when 266186661 is divided by 252549.
15
What is the remainder when 24514872 is divided by 209?
8
Calculate the remainder when 1307115 is divided by 1914.
1767
What is the remainder when 12171 is divided by 10710?
1461
Calculate the remainder when 170255134 is divided by 38.
10
What is the remainder when 15571 is divided by 7514?
543
Calculate the remainder when 246272 is divided by 89.
9
What is the remainder when 581133 is divided by 64?
13
Calculate the remainder when 2490065 is divided by 707.
11
Calculate the remainder when 47139 is divided by 3874.
651
What is the remainder when 1007776 is divided by 88?
0
What is the remainder when 586243 is divided by 708?
19
Calculate the remainder when 338327 is divided by 3.
2
What is the remainder when 1944356 is divided by 278?
24
Calculate the remainder when 8017012 is divided by 73.
6
What is the remainder when 2523578 is divided by 1261748?
82
Calculate the remainder when 2657838139 is divided by 2414.
2413
What is the remainder when 2552847 is divided by 14261?
128
Calculate the remainder when 1574987 is divided by 214.
161
What is the remainder when 53675888 is divided by 145?
78
What is the remainder when 1072118 is divided by 2168?
1126
Calculate the remainder when 432377489 is divided by 10.
9
Calculate the remainder when 3779 is divided by 1091.
506
What is the remainder when 327097 is divided by 1868?
197
What is the remainder when 727872 is divided by 124?
116
What is the remainder when 3435587 is divided by 26?
25
What is the remainder when 18880579 is divided by 5125?
79
Calculate the remainder when 70935 is divided by 3066.
417
Calculate the remainder when 5103167 is divided by 2551577.
13
Calculate the remainder when 7530085 is divided by 2510028.
1
Calculate the remainder when 13058920 is divided by 1815.
1810
What is the remainder when 12592025 is divided by 14676?
17
What is the remainder when 14456206 is divided by 51?
1
Calculate the remainder when 2378543 is divided by 1589.
1399
Calculate the remainder when 32748431 is divided by 27.
23
What is the remainder when 28931 is divided by 13878?
1175
Calculate the remainder when 25985 is divided by 24864.
1121
What is the remainder when 686403 is divided by 686347?
56
Calculate the remainder when 1232327385 is divided by 772.
769
What is the remainder when 61043758 is divided by 2874?
2872
What is the remainder when 1102089263 is divided by 142?
141
Calculate the remainder when 233296 is divided by 4021.
78
What is the remainder when 15241487 is divided by 54?
41
What is the remainder when 8117985 is divided by 466?
265
Calculate the remainder when 11209740 is divided by 700605.
60
What is the remainder when 493397436 is divided by 52?
12
What is the remainder when 839716 is divided by 8653?
375
What is the remainder when 5870378 is divided by 11717?
161
What is the remainder when 7399192 is divided by 11?
9
What is the remainder when 36300511 is divided by 12100150?
61
Calculate the remainder when 379912 is divided by 63317.
10
Calculate the remainder when 16450 is divided by 5281.
607
Calculate the remainder when 1934879 is divided by 2487.
2480
Calculate the remainder when 5461767718 is divided by 24.
22
What is the remainder when 11276455 is divided by 48?
7
Calculate the remainder when 23756 is divided by 4674.
386
What is the remainder when 333708 is divided by 227?
18
What is the remainder when 125569 is divided